 + 33 = 5*a, 154*x = 153*x - 1. Calculate the highest common divisor of 834 and a.
6
Let i = 29 - -19. What is the greatest common divisor of 84 and i?
12
Let u be (-253)/(-92) - (-3)/(-4). Suppose -5*t + 60 = -5*c, 11 + 4 = u*t + c. Let v be 1*t + 7/(-7). Calculate the highest common divisor of v and 20.
4
Suppose -21*o + 139 + 113 = 0. What is the greatest common factor of o and 316?
4
Let l(b) = 16*b**2 + 221*b + 1280. Let q be l(-6). What is the greatest common factor of 10 and q?
10
Let z = -9 - -15. Let h(o) = -o**3 - 20*o**2 + 44*o + 5. Let a be h(-22). Suppose 0 = z*y - a*y - 19. Calculate the highest common divisor of y and 19.
19
Let w = 425 - 139. Let h = 369 + -343. What is the greatest common factor of w and h?
26
Let z be -1*0/(3 + -4). Let j = 1 + z. Let v = -27 + 31. What is the highest common factor of j and v?
1
Let t(d) = -d + 1. Let v be t(-3). Suppose 4*j = 3*g + 2*g + 11, 0 = v*g + 4*j - 20. What is the highest common divisor of g and 7?
1
Let c(p) = p**3 + 4*p**2 - 6*p - 11. Let o be c(-5). Let w = 30 - o. What is the greatest common factor of w and 9?
9
Suppose 0*m - 3*m + 23 = -q, 0 = m - 2*q - 6. Let f be (-184)/(-7) + m/(-28). What is the highest common factor of f and 13?
13
Let t = 208 - 146. Calculate the highest common divisor of 1178 and t.
62
Let l be 0*(-3 + (-14)/(-4)). Suppose -3*q - o - 3*o + 57 = 0, l = q - 4*o - 3. Calculate the greatest common divisor of 135 and q.
15
Suppose -3*r - 43 + 484 = 0. What is the highest common divisor of r and 28?
7
Let d(z) = -4*z - 4*z**2 + z**3 + 2*z**2 + 12 - 1 - 5. Let t be d(4). What is the highest common factor of t and 242?
22
Let h be ((-28)/21)/((-2)/3). Let p(a) = a**3 + a**2 - 4*a + 4. Let q be p(h). What is the greatest common factor of 72 and q?
8
Let d be (1 - (-1289)/(-9)) + (-10)/(-45). Let s = 166 + d. Calculate the greatest common factor of s and 24.
24
Let s(r) = 33*r**2 - 7*r. Let q be s(2). Let l = q - 63. Calculate the highest common factor of l and 44.
11
Let i = 1164 + -1101. Let y(k) = -2*k - 5. Let a be y(-6). What is the highest common factor of a and i?
7
Suppose 234 = 234*s - 221*s. Calculate the highest common divisor of s and 1602.
18
Let l(w) = -4*w + 89. Let i be l(18). Calculate the greatest common factor of i and 272.
17
Suppose -18 = -v + 4*a, 5*v = a + 13 + 96. What is the greatest common factor of v and 913?
11
Suppose -3*u - 10 = 4*b + 5, -5*u - 4*b - 17 = 0. Let d be (12/15)/(u/(-80)). What is the greatest common divisor of d and 8?
8
Suppose 0 = q - 5*q + 88. Suppose -3*u = -3*m - 30, -4*u + 22 = m - 43. Let c = u - 4. Calculate the highest common divisor of c and q.
11
Suppose -7*d = -18 + 32. Let k be d/(-5) - 13/(65/(-123)). Calculate the greatest common factor of 175 and k.
25
Let k(n) = 4 - 6*n - 20*n**2 - 4 + 5*n. Let j be k(1). Let r be (-534)/j - (-6)/(-14). Calculate the highest common divisor of r and 5.
5
Suppose 6 = 3*p - 3*u, -5*p + 22 + 12 = 3*u. Suppose 0 = -8*i + p*i + 18. What is the greatest common factor of 12 and i?
6
Suppose -2*v = 4*n - 948, 3*v - 16 + 22 = 0. Calculate the highest common factor of n and 14.
14
Let o(h) = -6*h**3 + h**2 - h - 1. Let m = -19 - -32. Let a = -14 + m. Let t be o(a). What is the highest common divisor of 7 and t?
7
Suppose 0 = 26*k - 4183 - 2005. Calculate the highest common divisor of k and 136.
34
Suppose 0 = -6*j + 3*j + 6. Let f be 0/1 - j - -38. Let c = 29 + -17. What is the greatest common factor of c and f?
12
Let v be (-888)/(-44) - (-2)/(-11). Let l = v - 2. Suppose 0 = -2*o + 4*o - l. Calculate the highest common factor of 1 and o.
1
Let x = -12 + 14. Suppose x*a = 19 + 103. Suppose -a = -5*n - u, 2*u + u + 77 = 5*n. Calculate the highest common divisor of 26 and n.
13
Let a = 1563 - 1555. Let m(l) = -141*l**3 - l**2. Let r be m(1). Let d be (-1)/(-3) + r/(-6). Calculate the greatest common divisor of d and a.
8
Suppose 15*t + 13*t - 10080 = 0. What is the greatest common divisor of t and 36?
36
Let q be (-8 + 3 - -118) + -3. Let h = -94 + q. What is the greatest common divisor of h and 16?
16
Suppose 39*s + 648 = 27*s. Let u = 170 - 80. Let o = s + u. Calculate the greatest common divisor of o and 54.
18
Let b be 38 - (0 + -1 + 1). Suppose p + 4*p + 1265 = -5*j, -8 = -2*p. Let i = j + 409. Calculate the highest common divisor of i and b.
38
Let l(s) = -s**3 - 57*s**2 + 57*s - 32. Let n be l(-58). What is the greatest common factor of n and 78?
26
Let y be 4/(-50) - (-2077507)/4775. What is the highest common divisor of 165 and y?
15
Suppose 0 = -b - b + 38. Calculate the greatest common factor of 171 and b.
19
Suppose 31*u = 36*u. Suppose u = 39*y - 34*y - 1485. Calculate the highest common divisor of 27 and y.
27
Let g be (11492/65)/(-17)*(-15)/6. Let a be ((-13)/(-2))/(1/2). What is the highest common divisor of g and a?
13
Suppose -2178 = 121*f - 139*f. What is the highest common factor of 187 and f?
11
Let q(n) = 12*n - 35 + 9*n + 17 + 21. Let p be q(1). What is the greatest common factor of 192 and p?
24
Suppose 5*v + 1 + 3 = -2*g, -4*g + 2*v + 40 = 0. Let m = 190 + -126. Calculate the highest common divisor of g and m.
8
Let p = -2 + 5. Let k be ((-4)/(16/(-9)))/(109/1308). What is the highest common factor of p and k?
3
Suppose 144 = 4*f + 4*r, -5*r - 7 = 8. Calculate the highest common divisor of f and 91.
13
Let i = -427 - -463. Calculate the greatest common factor of i and 288.
36
Let i(z) = 3*z**2 + 9*z - 10. Let x be i(6). Suppose -5*m + 37 = 4*y - 64, m = -2*y + 43. What is the greatest common divisor of y and x?
19
Let j = -83 - -85. Suppose 48 + 18 = 2*c + j*x, 0 = -2*c + 2*x + 62. Calculate the greatest common divisor of 48 and c.
16
Suppose 0 = -z + 3*z - 16. Let g = 5 + z. Let s(t) = -t**3 + 11*t**2 - 11*t - 23. Let x be s(6). Calculate the highest common divisor of g and x.
13
Let l = 100 - 81. What is the highest common divisor of 171 and l?
19
Suppose b + 4*b - 55 = 0. Suppose 0 = l - 116 + b. Let v(o) = o**3 + 12*o**2 + 14*o + 10. Let q be v(-10). What is the highest common divisor of l and q?
35
Let c = -749 + 1253. What is the highest common factor of c and 56?
56
Let k(m) = m**2 + 13*m + 16. Let f be k(-12). Suppose 68*t + 36 = 77*t. Calculate the highest common factor of f and t.
4
Let q = -59 - -104. Suppose -q + 1080 = 5*l. What is the highest common divisor of l and 23?
23
Let s be (-10)/(90/27) - (-1260)/2. What is the greatest common divisor of s and 66?
33
Suppose 592 = 5*a - a - 4*l, 2*a - l = 292. What is the greatest common factor of a and 54?
18
Suppose -599 = -13*q + 103. What is the greatest common divisor of 234 and q?
18
Suppose -w + 2*w - 59 = -x, -x + 59 = -2*w. Suppose 49 = 9*z - x. What is the highest common factor of 96 and z?
12
Let s be -4 - (-12 + 4 + -2). Suppose -23 = -s*y + 37. What is the highest common factor of 110 and y?
10
Suppose 5 = -5*k + 30, 89 = i - 3*k. Let y be (-7)/2*(-416)/112. What is the greatest common divisor of y and i?
13
Let u be (-42)/3*4/(-6 - -2). Let r be 3/(-6) - (-3 - (-303)/(-2)). What is the greatest common factor of r and u?
14
Let s be 21/4 - (-2)/(-8). Suppose s = u, 4*m - 2*u + 4 = 2. Suppose 5*b - 18*b + 208 = 0. What is the greatest common divisor of b and m?
2
Let u be (36/30)/(3/10). Let r be ((-24)/(-20))/(u/10). Let f = 14 + -2. Calculate the greatest common factor of r and f.
3
Let u(o) = -1 + 0*o - 8 - 11*o + 3. Let g(q) = 3*q + 3. Let w be g(-2). Let h be u(w). Calculate the highest common factor of h and 3.
3
Let o(r) = 19*r + 93. Let y be o(-3). What is the highest common divisor of 36 and y?
36
Suppose i + 7 - 1 = 2*p, 5*p + 4*i - 28 = 0. Suppose 0 = -6*n + p*n + 42. Suppose -42*g = 6*g - 336. What is the highest common divisor of g and n?
7
Suppose z - 75 = 145. Suppose -z = -f - f. Suppose -2*m = -f + 30. What is the highest common divisor of m and 10?
10
Let t be 2/((-4)/(-30))*7. What is the greatest common divisor of t and 21?
21
Suppose y + w - 34 - 24 = 0, -2*w + 6 = 0. Let q = y - 31. Calculate the highest common divisor of 8 and q.
8
Let y(v) be the first derivative of v**4/4 + 4*v**3 - 15*v**2/2 - 15*v - 4. Let r be y(-13). Calculate the highest common divisor of 11 and r.
11
Let c = 270 - 243. What is the greatest common factor of 3051 and c?
27
Let t = -433 + 43